{"id":1148,"date":"2023-02-11T14:38:54","date_gmt":"2023-02-11T14:38:54","guid":{"rendered":"https:\/\/elternberatung-vlotho.de\/?page_id=1148"},"modified":"2023-02-24T11:08:18","modified_gmt":"2023-02-24T11:08:18","slug":"training-sozialer-basisfertigkeiten","status":"publish","type":"page","link":"https:\/\/elternberatung-vlotho.de\/?page_id=1148","title":{"rendered":"Training sozialer Basisfertigkeiten"},"content":{"rendered":"\t\t<div data-elementor-type=\"wp-page\" data-elementor-id=\"1148\" class=\"elementor elementor-1148\" data-elementor-post-type=\"page\">\n\t\t\t\t\t\t<section class=\"elementor-section elementor-top-section elementor-element elementor-element-06a6b63 elementor-section-boxed elementor-section-height-default elementor-section-height-default\" data-id=\"06a6b63\" data-element_type=\"section\" data-e-type=\"section\">\n\t\t\t\t\t\t<div class=\"elementor-container elementor-column-gap-default\">\n\t\t\t\t\t<div class=\"elementor-column elementor-col-100 elementor-top-column elementor-element elementor-element-a128a0c\" data-id=\"a128a0c\" data-element_type=\"column\" data-e-type=\"column\">\n\t\t\t<div class=\"elementor-widget-wrap elementor-element-populated\">\n\t\t\t\t\t\t<div class=\"elementor-element elementor-element-bb437df elementor-widget elementor-widget-spacer\" data-id=\"bb437df\" data-element_type=\"widget\" data-e-type=\"widget\" data-widget_type=\"spacer.default\">\n\t\t\t\t<div class=\"elementor-widget-container\">\n\t\t\t\t\t\t\t<div class=\"elementor-spacer\">\n\t\t\t<div class=\"elementor-spacer-inner\"><\/div>\n\t\t<\/div>\n\t\t\t\t\t\t<\/div>\n\t\t\t\t<\/div>\n\t\t\t\t\t<\/div>\n\t\t<\/div>\n\t\t\t\t\t<\/div>\n\t\t<\/section>\n\t\t\t\t<section class=\"elementor-section elementor-top-section elementor-element elementor-element-78f1b6c elementor-section-boxed elementor-section-height-default elementor-section-height-default\" data-id=\"78f1b6c\" data-element_type=\"section\" data-e-type=\"section\">\n\t\t\t\t\t\t<div class=\"elementor-container elementor-column-gap-default\">\n\t\t\t\t\t<div class=\"elementor-column elementor-col-100 elementor-top-column elementor-element elementor-element-543d27b\" data-id=\"543d27b\" data-element_type=\"column\" data-e-type=\"column\">\n\t\t\t<div class=\"elementor-widget-wrap elementor-element-populated\">\n\t\t\t\t\t\t<div class=\"elementor-element elementor-element-6513bc6 elementor-headline--style-highlight elementor-widget elementor-widget-animated-headline\" data-id=\"6513bc6\" data-element_type=\"widget\" data-e-type=\"widget\" data-settings=\"{&quot;marker&quot;:&quot;underline_zigzag&quot;,&quot;highlighted_text&quot;:&quot;sozialer Basisfertigkeiten&quot;,&quot;headline_style&quot;:&quot;highlight&quot;,&quot;loop&quot;:&quot;yes&quot;,&quot;highlight_animation_duration&quot;:1200,&quot;highlight_iteration_delay&quot;:8000}\" data-widget_type=\"animated-headline.default\">\n\t\t\t\t<div class=\"elementor-widget-container\">\n\t\t\t\t\t\t\t<h3 class=\"elementor-headline\">\n\t\t\t\t\t<span class=\"elementor-headline-plain-text elementor-headline-text-wrapper\">Training<\/span>\n\t\t\t\t<span class=\"elementor-headline-dynamic-wrapper elementor-headline-text-wrapper\">\n\t\t\t\t\t<span class=\"elementor-headline-dynamic-text elementor-headline-text-active\">sozialer Basisfertigkeiten<\/span>\n\t\t\t\t<\/span>\n\t\t\t\t<\/h3>\n\t\t\t\t\t\t<\/div>\n\t\t\t\t<\/div>\n\t\t\t\t\t<\/div>\n\t\t<\/div>\n\t\t\t\t\t<\/div>\n\t\t<\/section>\n\t\t\t\t<section class=\"elementor-section elementor-top-section elementor-element elementor-element-07d9d98 elementor-section-boxed elementor-section-height-default elementor-section-height-default\" data-id=\"07d9d98\" data-element_type=\"section\" data-e-type=\"section\">\n\t\t\t\t\t\t<div class=\"elementor-container elementor-column-gap-default\">\n\t\t\t\t\t<div class=\"elementor-column elementor-col-100 elementor-top-column elementor-element elementor-element-bc90b2e\" data-id=\"bc90b2e\" data-element_type=\"column\" data-e-type=\"column\">\n\t\t\t<div class=\"elementor-widget-wrap elementor-element-populated\">\n\t\t\t\t\t\t<div class=\"elementor-element elementor-element-1093bc8 elementor-widget elementor-widget-text-editor\" data-id=\"1093bc8\" data-element_type=\"widget\" data-e-type=\"widget\" data-widget_type=\"text-editor.default\">\n\t\t\t\t<div class=\"elementor-widget-container\">\n\t\t\t\t\t\t\t\t\t<h3><span style=\"color: #003366;\">Im Sozialtraining werden die sozialen Basisfertigkeiten wie Emotionen, Small-Talk und Non-verbale Kommunikation besprochen und ge\u00fcbt. Das Training ist sowohl f\u00fcr Jugendliche als auch Erwachsene geeignet.<\/span><\/h3><h3><span style=\"color: #003366;\">Der Baustein Emotionen umfasst folgende Bereiche:<\/span><\/h3><ul><li><h3><span style=\"color: #003366;\">Benennen von Gef\u00fchlen<\/span><\/h3><\/li><li><h3><span style=\"color: #003366;\">Mimik erkennen \u2013 Was will mir der Gesichtsausdruck meines Gegen\u00fcbers sagen?<\/span><\/h3><\/li><li><h3><span style=\"color: #003366;\">Gef\u00fchle und Stimme \u2013 Wie h\u00e4ngt das zusammen?<\/span><\/h3><\/li><li><h3><span style=\"color: #003366;\">Wie reagiere ich \u00fcberhaupt auf Gef\u00fchle?<\/span><\/h3><\/li><\/ul><h3><span style=\"color: #003366;\">Der Baustein Small-Talk beinhaltet:<\/span><\/h3><ul><li><h3><span style=\"color: #003366;\">Was ist Small-Talk?<\/span><\/h3><\/li><li><h3><span style=\"color: #003366;\">Wie geht Small-Talk? &#8211; Begr\u00fc\u00dfung, Einleitungssatz, Antwort, Kommentar, Fortsetzungsfrage, Br\u00fcckenkommentare, von sich erz\u00e4hlen, Abschlusssatz und Verabschiedung<\/span><\/h3><\/li><li><h3><span style=\"color: #003366;\">Wie f\u00fchre ich Telefongespr\u00e4che?<\/span><\/h3><\/li><\/ul><h3><span style=\"color: #003366;\">Im Baustein Non-verbale Kommunikation wird Folgendes besprochen:<\/span><\/h3><ul><li><h3><span style=\"color: #003366;\">Erster Eindruck und h\u00f6fliches Verhalten<\/span><\/h3><\/li><li><h3><span style=\"color: #003366;\">K\u00f6rperhaltungen und N\u00e4he-Distanz-Skala<\/span><\/h3><\/li><li><h3><span style=\"color: #003366;\">Gestik<\/span><\/h3><\/li><li><h3><span style=\"color: #003366;\">Blickkontakt<\/span><\/h3><\/li><\/ul>\t\t\t\t\t\t\t\t<\/div>\n\t\t\t\t<\/div>\n\t\t\t\t\t<\/div>\n\t\t<\/div>\n\t\t\t\t\t<\/div>\n\t\t<\/section>\n\t\t\t\t<\/div>\n\t\t","protected":false},"excerpt":{"rendered":"<p>Training sozialer Basisfertigkeiten Im Sozialtraining werden die sozialen Basisfertigkeiten wie Emotionen, Small-Talk und Non-verbale Kommunikation besprochen und ge\u00fcbt. Das Training ist sowohl f\u00fcr Jugendliche als auch Erwachsene geeignet. Der Baustein Emotionen umfasst folgende Bereiche: Benennen von Gef\u00fchlen Mimik erkennen \u2013 Was will mir der Gesichtsausdruck meines Gegen\u00fcbers sagen? Gef\u00fchle und Stimme \u2013 Wie h\u00e4ngt das [&hellip;]<\/p>\n","protected":false},"author":1,"featured_media":0,"parent":0,"menu_order":0,"comment_status":"closed","ping_status":"closed","template":"","meta":{"footnotes":""},"class_list":["post-1148","page","type-page","status-publish","hentry","entry"],"_links":{"self":[{"href":"https:\/\/elternberatung-vlotho.de\/index.php?rest_route=\/wp\/v2\/pages\/1148","targetHints":{"allow":["GET"]}}],"collection":[{"href":"https:\/\/elternberatung-vlotho.de\/index.php?rest_route=\/wp\/v2\/pages"}],"about":[{"href":"https:\/\/elternberatung-vlotho.de\/index.php?rest_route=\/wp\/v2\/types\/page"}],"author":[{"embeddable":true,"href":"https:\/\/elternberatung-vlotho.de\/index.php?rest_route=\/wp\/v2\/users\/1"}],"replies":[{"embeddable":true,"href":"https:\/\/elternberatung-vlotho.de\/index.php?rest_route=%2Fwp%2Fv2%2Fcomments&post=1148"}],"version-history":[{"count":13,"href":"https:\/\/elternberatung-vlotho.de\/index.php?rest_route=\/wp\/v2\/pages\/1148\/revisions"}],"predecessor-version":[{"id":1439,"href":"https:\/\/elternberatung-vlotho.de\/index.php?rest_route=\/wp\/v2\/pages\/1148\/revisions\/1439"}],"wp:attachment":[{"href":"https:\/\/elternberatung-vlotho.de\/index.php?rest_route=%2Fwp%2Fv2%2Fmedia&parent=1148"}],"curies":[{"name":"wp","href":"https:\/\/api.w.org\/{rel}","templated":true}]}}