{"id":1230,"date":"2023-02-12T12:34:52","date_gmt":"2023-02-12T12:34:52","guid":{"rendered":"https:\/\/elternberatung-vlotho.de\/?page_id=1230"},"modified":"2023-02-24T19:05:24","modified_gmt":"2023-02-24T19:05:24","slug":"training-bei-sozialer-unsicherheit","status":"publish","type":"page","link":"https:\/\/elternberatung-vlotho.de\/?page_id=1230","title":{"rendered":"Training bei sozialer Unsicherheit"},"content":{"rendered":"\t\t<div data-elementor-type=\"wp-page\" data-elementor-id=\"1230\" class=\"elementor elementor-1230\" data-elementor-post-type=\"page\">\n\t\t\t\t\t\t<section class=\"elementor-section elementor-top-section elementor-element elementor-element-23ba86d elementor-section-boxed elementor-section-height-default elementor-section-height-default\" data-id=\"23ba86d\" data-element_type=\"section\" data-e-type=\"section\">\n\t\t\t\t\t\t<div class=\"elementor-container elementor-column-gap-default\">\n\t\t\t\t\t<div class=\"elementor-column elementor-col-100 elementor-top-column elementor-element elementor-element-bff6150\" data-id=\"bff6150\" data-element_type=\"column\" data-e-type=\"column\">\n\t\t\t<div class=\"elementor-widget-wrap elementor-element-populated\">\n\t\t\t\t\t\t<div class=\"elementor-element elementor-element-b495f6c elementor-widget elementor-widget-spacer\" data-id=\"b495f6c\" data-element_type=\"widget\" data-e-type=\"widget\" data-widget_type=\"spacer.default\">\n\t\t\t\t<div class=\"elementor-widget-container\">\n\t\t\t\t\t\t\t<div class=\"elementor-spacer\">\n\t\t\t<div class=\"elementor-spacer-inner\"><\/div>\n\t\t<\/div>\n\t\t\t\t\t\t<\/div>\n\t\t\t\t<\/div>\n\t\t\t\t\t<\/div>\n\t\t<\/div>\n\t\t\t\t\t<\/div>\n\t\t<\/section>\n\t\t\t\t<section class=\"elementor-section elementor-top-section elementor-element elementor-element-2d0c114 elementor-section-boxed elementor-section-height-default elementor-section-height-default\" data-id=\"2d0c114\" data-element_type=\"section\" data-e-type=\"section\">\n\t\t\t\t\t\t<div class=\"elementor-container elementor-column-gap-default\">\n\t\t\t\t\t<div class=\"elementor-column elementor-col-100 elementor-top-column elementor-element elementor-element-fae2a1c\" data-id=\"fae2a1c\" data-element_type=\"column\" data-e-type=\"column\">\n\t\t\t<div class=\"elementor-widget-wrap elementor-element-populated\">\n\t\t\t\t\t\t<div class=\"elementor-element elementor-element-120c733 elementor-headline--style-highlight elementor-widget elementor-widget-animated-headline\" data-id=\"120c733\" data-element_type=\"widget\" data-e-type=\"widget\" data-settings=\"{&quot;marker&quot;:&quot;underline_zigzag&quot;,&quot;highlighted_text&quot;:&quot;sozialer Unsicherheit&quot;,&quot;headline_style&quot;:&quot;highlight&quot;,&quot;loop&quot;:&quot;yes&quot;,&quot;highlight_animation_duration&quot;:1200,&quot;highlight_iteration_delay&quot;:8000}\" data-widget_type=\"animated-headline.default\">\n\t\t\t\t<div class=\"elementor-widget-container\">\n\t\t\t\t\t\t\t<h3 class=\"elementor-headline\">\n\t\t\t\t\t<span class=\"elementor-headline-plain-text elementor-headline-text-wrapper\">Training bei<\/span>\n\t\t\t\t<span class=\"elementor-headline-dynamic-wrapper elementor-headline-text-wrapper\">\n\t\t\t\t\t<span class=\"elementor-headline-dynamic-text elementor-headline-text-active\">sozialer Unsicherheit<\/span>\n\t\t\t\t<\/span>\n\t\t\t\t<\/h3>\n\t\t\t\t\t\t<\/div>\n\t\t\t\t<\/div>\n\t\t\t\t\t<\/div>\n\t\t<\/div>\n\t\t\t\t\t<\/div>\n\t\t<\/section>\n\t\t\t\t<section class=\"elementor-section elementor-top-section elementor-element elementor-element-3395f12 elementor-section-boxed elementor-section-height-default elementor-section-height-default\" data-id=\"3395f12\" data-element_type=\"section\" data-e-type=\"section\">\n\t\t\t\t\t\t<div class=\"elementor-container elementor-column-gap-default\">\n\t\t\t\t\t<div class=\"elementor-column elementor-col-100 elementor-top-column elementor-element elementor-element-4b0ba39\" data-id=\"4b0ba39\" data-element_type=\"column\" data-e-type=\"column\">\n\t\t\t<div class=\"elementor-widget-wrap elementor-element-populated\">\n\t\t\t\t\t\t<div class=\"elementor-element elementor-element-e7687c8 elementor-widget elementor-widget-text-editor\" data-id=\"e7687c8\" data-element_type=\"widget\" data-e-type=\"widget\" data-widget_type=\"text-editor.default\">\n\t\t\t\t<div class=\"elementor-widget-container\">\n\t\t\t\t\t\t\t\t\t<h3><span style=\"color: #003366;\">Wenn du meistens ruhig,\u00a0sch\u00fcchtern und zur\u00fcckgezogen bist,\u00a0wirst du als pflegeleicht angesehen.<\/span><\/h3><h3><span style=\"color: #003366;\">Man k\u00f6nnte auch sagen,\u00a0dass du unauff\u00e4llig auff\u00e4llig bist.<\/span><\/h3><h3><span style=\"color: #003366;\">Du traust dich nicht, andere anzusprechen,\u00a0auch wenn du es dir\u00a0noch so sehr w\u00fcnschst.<\/span><\/h3><h3><span style=\"color: #003366;\">Du bist ein Au\u00dfenseiter oder Einzelg\u00e4nger,\u00a0da du sehr misstrauisch sein kannst.<\/span><\/h3><h3><span style=\"color: #003366;\">Selbstzweifel und ein geringes Selbstwertgef\u00fchl kennzeichnen dich, auch wenn du gute schulische Leistungen erbringst.<\/span><\/h3><h3><br \/><span style=\"color: #003366;\">Du hast immer die Bef\u00fcrchtung,\u00a0dass dir etwas Schlimmes passiert.<\/span><\/h3><h3><br \/><span style=\"color: #003366;\">Soziale Unsicherheit beinhaltet viele\u00a0emotionale und Verhaltensprobleme.<\/span><\/h3><h3><span style=\"color: #003366;\">Sie zeigen sich in \u00c4ngsten bei\u00a0Sozialkontakten und Trennung.<\/span><\/h3><h3><br \/><span style=\"color: #003366;\">Du bist kontakt\u00e4ngstlich, unsicher, gehemmt, sozial isoliert und vermeidst Blickkontakt.<\/span><\/h3><h3><br \/><span style=\"color: #003366;\">Dieses sozial unsichere Verhalten beruht auf schlechten Erfahrungen.<\/span><\/h3><h3><br \/><span style=\"color: #003366;\">Neben dem Training f\u00fcr dich findet eine Beratung\u00a0f\u00fcr deine Eltern statt.<\/span><\/h3><h3><br \/><span style=\"color: #003366;\"><strong>Ziel des Trainings ist es :<\/strong><\/span><br \/><span style=\"color: #003366;\">&#8211; leichter Freunde zu finden<\/span><br \/><span style=\"color: #003366;\">&#8211; Freundschaften ausbauen<\/span><br \/><span style=\"color: #003366;\">&#8211; sich mehr zu trauen<\/span><br \/><span style=\"color: #003366;\">&#8211; auf andere zugehen<\/span><br \/><span style=\"color: #003366;\">&#8211; Probleml\u00f6sungen kennenzulernen<\/span><br \/><span style=\"color: #003366;\">&#8211; Gef\u00fchle genauer zu erkennen<\/span><br \/><span style=\"color: #003366;\">&#8211; mit Gef\u00fchlen umgehen zu k\u00f6nnen<\/span><br \/><span style=\"color: #003366;\">&#8211; Gef\u00fchle anderer besser einzuordnen<\/span><br \/><span style=\"color: #003366;\">&#8211; eigene Bed\u00fcrfnisse besser zu erkennen<\/span><br \/><span style=\"color: #003366;\">&#8211; Bed\u00fcrfnisse angemessen zu \u00e4u\u00dfern<\/span><\/h3><h3><br \/><span style=\"color: #003366;\"><strong>F\u00fcr die Altersgruppe 4 \u2013 6 Jahre gibt es au\u00dferdem noch folgende Trainingsziele :<\/strong><\/span><br \/><span style=\"color: #003366;\">&#8211; Sprech\u00e4ngste \u00fcberwinden\u00a0<\/span><br \/><span style=\"color: #003366;\">&#8211; Antworten, wenn man etwas gefragt wird<\/span><br \/><span style=\"color: #003366;\">&#8211; deutlich sprechen<\/span><br \/><span style=\"color: #003366;\">&#8211; nicht gleich weinen, wenn etwas nicht klappt<\/span><br \/><span style=\"color: #003366;\">&#8211; Dinge ausprobieren so, wie man es selber kann<\/span><br \/><span style=\"color: #003366;\">&#8211; Fragen, wenn man etwas nicht verstanden hat<\/span><br \/><span style=\"color: #003366;\">&#8211; um Hilfe bitten<\/span><br \/><span style=\"color: #003366;\">&#8211; eigene Erlebnisse erz\u00e4hlen<\/span><\/h3>\t\t\t\t\t\t\t\t<\/div>\n\t\t\t\t<\/div>\n\t\t\t\t\t<\/div>\n\t\t<\/div>\n\t\t\t\t\t<\/div>\n\t\t<\/section>\n\t\t\t\t<\/div>\n\t\t","protected":false},"excerpt":{"rendered":"<p>Training bei sozialer Unsicherheit Wenn du meistens ruhig,\u00a0sch\u00fcchtern und zur\u00fcckgezogen bist,\u00a0wirst du als pflegeleicht angesehen. Man k\u00f6nnte auch sagen,\u00a0dass du unauff\u00e4llig auff\u00e4llig bist. Du traust dich nicht, andere anzusprechen,\u00a0auch wenn du es dir\u00a0noch so sehr w\u00fcnschst. Du bist ein Au\u00dfenseiter oder Einzelg\u00e4nger,\u00a0da du sehr misstrauisch sein kannst. Selbstzweifel und ein geringes Selbstwertgef\u00fchl kennzeichnen dich, auch [&hellip;]<\/p>\n","protected":false},"author":1,"featured_media":0,"parent":0,"menu_order":0,"comment_status":"closed","ping_status":"closed","template":"","meta":{"footnotes":""},"class_list":["post-1230","page","type-page","status-publish","hentry","entry"],"_links":{"self":[{"href":"https:\/\/elternberatung-vlotho.de\/index.php?rest_route=\/wp\/v2\/pages\/1230","targetHints":{"allow":["GET"]}}],"collection":[{"href":"https:\/\/elternberatung-vlotho.de\/index.php?rest_route=\/wp\/v2\/pages"}],"about":[{"href":"https:\/\/elternberatung-vlotho.de\/index.php?rest_route=\/wp\/v2\/types\/page"}],"author":[{"embeddable":true,"href":"https:\/\/elternberatung-vlotho.de\/index.php?rest_route=\/wp\/v2\/users\/1"}],"replies":[{"embeddable":true,"href":"https:\/\/elternberatung-vlotho.de\/index.php?rest_route=%2Fwp%2Fv2%2Fcomments&post=1230"}],"version-history":[{"count":10,"href":"https:\/\/elternberatung-vlotho.de\/index.php?rest_route=\/wp\/v2\/pages\/1230\/revisions"}],"predecessor-version":[{"id":1529,"href":"https:\/\/elternberatung-vlotho.de\/index.php?rest_route=\/wp\/v2\/pages\/1230\/revisions\/1529"}],"wp:attachment":[{"href":"https:\/\/elternberatung-vlotho.de\/index.php?rest_route=%2Fwp%2Fv2%2Fmedia&parent=1230"}],"curies":[{"name":"wp","href":"https:\/\/api.w.org\/{rel}","templated":true}]}}