{"id":496,"date":"2023-02-07T16:44:23","date_gmt":"2023-02-07T16:44:23","guid":{"rendered":"https:\/\/elternberatung-vlotho.de\/?page_id=496"},"modified":"2025-02-24T19:14:06","modified_gmt":"2025-02-24T19:14:06","slug":"nachhilfe","status":"publish","type":"page","link":"https:\/\/elternberatung-vlotho.de\/?page_id=496","title":{"rendered":"Nachhilfe"},"content":{"rendered":"\t\t<div data-elementor-type=\"wp-page\" data-elementor-id=\"496\" class=\"elementor elementor-496\" data-elementor-post-type=\"page\">\n\t\t\t\t\t\t<section class=\"elementor-section elementor-top-section elementor-element elementor-element-e88a156 elementor-section-boxed elementor-section-height-default elementor-section-height-default\" data-id=\"e88a156\" data-element_type=\"section\" data-e-type=\"section\">\n\t\t\t\t\t\t<div class=\"elementor-container elementor-column-gap-default\">\n\t\t\t\t\t<div class=\"elementor-column elementor-col-100 elementor-top-column elementor-element elementor-element-da6d647\" data-id=\"da6d647\" data-element_type=\"column\" data-e-type=\"column\">\n\t\t\t<div class=\"elementor-widget-wrap elementor-element-populated\">\n\t\t\t\t\t\t<div class=\"elementor-element elementor-element-00ae795 elementor-widget elementor-widget-spacer\" data-id=\"00ae795\" data-element_type=\"widget\" data-e-type=\"widget\" data-widget_type=\"spacer.default\">\n\t\t\t\t<div class=\"elementor-widget-container\">\n\t\t\t\t\t\t\t<div class=\"elementor-spacer\">\n\t\t\t<div class=\"elementor-spacer-inner\"><\/div>\n\t\t<\/div>\n\t\t\t\t\t\t<\/div>\n\t\t\t\t<\/div>\n\t\t\t\t\t<\/div>\n\t\t<\/div>\n\t\t\t\t\t<\/div>\n\t\t<\/section>\n\t\t\t\t<section class=\"elementor-section elementor-top-section elementor-element elementor-element-828ba7a elementor-section-boxed elementor-section-height-default elementor-section-height-default\" data-id=\"828ba7a\" data-element_type=\"section\" data-e-type=\"section\">\n\t\t\t\t\t\t<div class=\"elementor-container elementor-column-gap-default\">\n\t\t\t\t\t<div class=\"elementor-column elementor-col-100 elementor-top-column elementor-element elementor-element-15b420f\" data-id=\"15b420f\" data-element_type=\"column\" data-e-type=\"column\">\n\t\t\t<div class=\"elementor-widget-wrap\">\n\t\t\t\t\t\t\t<\/div>\n\t\t<\/div>\n\t\t\t\t\t<\/div>\n\t\t<\/section>\n\t\t\t\t<section class=\"elementor-section elementor-top-section elementor-element elementor-element-e04190a elementor-section-boxed elementor-section-height-default elementor-section-height-default\" data-id=\"e04190a\" data-element_type=\"section\" data-e-type=\"section\">\n\t\t\t\t\t\t<div class=\"elementor-container elementor-column-gap-default\">\n\t\t\t\t\t<div class=\"elementor-column elementor-col-100 elementor-top-column elementor-element elementor-element-ed5f272\" data-id=\"ed5f272\" data-element_type=\"column\" data-e-type=\"column\">\n\t\t\t<div class=\"elementor-widget-wrap elementor-element-populated\">\n\t\t\t\t\t\t<div class=\"elementor-element elementor-element-e1ce2be elementor-headline--style-highlight elementor-widget elementor-widget-animated-headline\" data-id=\"e1ce2be\" data-element_type=\"widget\" data-e-type=\"widget\" data-settings=\"{&quot;highlighted_text&quot;:&quot;Nachhilfe&quot;,&quot;marker&quot;:&quot;underline_zigzag&quot;,&quot;headline_style&quot;:&quot;highlight&quot;,&quot;loop&quot;:&quot;yes&quot;,&quot;highlight_animation_duration&quot;:1200,&quot;highlight_iteration_delay&quot;:8000}\" data-widget_type=\"animated-headline.default\">\n\t\t\t\t<div class=\"elementor-widget-container\">\n\t\t\t\t\t\t\t<h3 class=\"elementor-headline\">\n\t\t\t\t<span class=\"elementor-headline-dynamic-wrapper elementor-headline-text-wrapper\">\n\t\t\t\t\t<span class=\"elementor-headline-dynamic-text elementor-headline-text-active\">Nachhilfe<\/span>\n\t\t\t\t<\/span>\n\t\t\t\t<\/h3>\n\t\t\t\t\t\t<\/div>\n\t\t\t\t<\/div>\n\t\t\t\t<div class=\"elementor-element elementor-element-9bd2eac elementor-widget elementor-widget-heading\" data-id=\"9bd2eac\" data-element_type=\"widget\" data-e-type=\"widget\" data-widget_type=\"heading.default\">\n\t\t\t\t<div class=\"elementor-widget-container\">\n\t\t\t\t\t<h2 class=\"elementor-heading-title elementor-size-large\">...und manchmal wird man einfach abgeh\u00e4ngt<\/h2>\t\t\t\t<\/div>\n\t\t\t\t<\/div>\n\t\t\t\t\t<\/div>\n\t\t<\/div>\n\t\t\t\t\t<\/div>\n\t\t<\/section>\n\t\t\t\t<section class=\"elementor-section elementor-top-section elementor-element elementor-element-18fda18 elementor-section-boxed elementor-section-height-default elementor-section-height-default\" data-id=\"18fda18\" data-element_type=\"section\" data-e-type=\"section\">\n\t\t\t\t\t\t<div class=\"elementor-container elementor-column-gap-default\">\n\t\t\t\t\t<div class=\"elementor-column elementor-col-100 elementor-top-column elementor-element elementor-element-9ad6630\" data-id=\"9ad6630\" data-element_type=\"column\" data-e-type=\"column\">\n\t\t\t<div class=\"elementor-widget-wrap elementor-element-populated\">\n\t\t\t\t\t\t<div class=\"elementor-element elementor-element-77d1fbe elementor-widget elementor-widget-text-editor\" data-id=\"77d1fbe\" data-element_type=\"widget\" data-e-type=\"widget\" data-widget_type=\"text-editor.default\">\n\t\t\t\t<div class=\"elementor-widget-container\">\n\t\t\t\t\t\t\t\t\t<h3><span style=\"color: #003366;\">Es gibt viele Gr\u00fcnde f\u00fcr schlechtere Noten:<\/span><\/h3>\n<ul>\n<li>\n<h3><span style=\"color: #003366;\">das Tempo, in dem der Unterrichtsstoff erkl\u00e4rt wird, ist einem einfach zu schnell<\/span><\/h3>\n<\/li>\n<li>\n<h3><span style=\"color: #003366;\">einige Sch\u00fclerInnen verstehen ihren Lehrer\/ihre Lehrerin nicht<\/span><\/h3>\n<\/li>\n<li>\n<h3><span style=\"color: #003366;\">Mobbing<\/span><\/h3>\n<\/li>\n<li>\n<h3><span style=\"color: #003366;\">famili\u00e4re Probleme<\/span><\/h3>\n<\/li>\n<li>\n<h3><span style=\"color: #003366;\">l\u00e4ngere Krankheit oder h\u00e4ufiges Fehlen wegen Krankheit<\/span><\/h3>\n<\/li>\n<li>\n<h3><span style=\"color: #003366;\">Konzentrationsprobleme<\/span><\/h3>\n<\/li>\n<li>\n<h3><span style=\"color: #003366;\">\u00dcber- oder Unterforderung<\/span><\/h3>\n<\/li>\n<li>\n<h3><span style=\"color: #003366;\">fehlende Motivation<\/span><\/h3>\n<\/li>\n<li>\n<h3><span style=\"color: #003366;\">AD(H)S, ASS,&#8230;<\/span><\/h3>\n<\/li>\n<li>\n<h3><span style=\"color: #003366;\">Lese-Rechtschreibschw\u00e4che<\/span><\/h3>\n<\/li>\n<li>\n<h3><span style=\"color: #003366;\">Rechenschw\u00e4che usw.<\/span><\/h3>\n<\/li>\n<\/ul>\n<h3><span style=\"text-decoration: underline;\"><span style=\"color: #003366;\"><strong>Zielgruppe und Inhalte der&nbsp;Nachhilfe<\/strong><\/span><\/span><\/h3>\n<h3><span style=\"color: #003366;\">f\u00fcr Kinder der 1.-6. Klasse mit Stoffl\u00fccken oder individuellen Schw\u00e4chen in den F\u00e4chern Deutsch und Mathe<\/span><\/h3>\n<h3><span style=\"color: #003366;\">&nbsp;Auf- und Nacharbeiten des Unterrichtstoffes<\/span><\/h3>\n<h3><span style=\"color: #003366;\">Ich unterst\u00fctze Kinder&nbsp; mit Lese-, Rechtschreib- und Rechenschwierigkeiten durch einem individuellem Trainingsplan mit dem SCHLAUDINO F\u00f6rderprogramm.<\/span><\/h3>\n<h3><span style=\"color: #003366;\">In kleinen Schritten und mit Spa\u00df werden Misserfolge durch Erfolge ersetzt.<\/span><\/h3>\n<h3><span style=\"color: #003366;\">Motivation und Freude am Lernen&nbsp; stehen dabei im Vordergrund.<\/span><\/h3>\n<h3>&nbsp;<\/h3>\n<h3><span style=\"color: #003366;\">Ich biete Nachhilfe f\u00fcr die F\u00e4cher Mathe und Deutsch von der ersten bis zur sechsten Klasse an.<\/span><\/h3>\n<h3><span style=\"color: #003366;\">Der Unterricht findet als Einzelunterricht statt.<\/span><\/h3>\n<h3><span style=\"color: #003366;\">Die Termine werden auf die zeitlichen M\u00f6glichkeiten der Sch\u00fclerInnen abgestimmt.<\/span><\/h3>\n<h3><span style=\"color: #003366;\">Der Unterricht kann auch online stattfinden.<\/span><\/h3>\n<h3>&nbsp;<\/h3>\n<h3><span style=\"color: #003366;\"><strong><u>Gut zu wissen:<\/u><\/strong><\/span><\/h3>\n<h3><span style=\"color: #003366;\"><strong>F\u00fcr bestimmte Personengruppen (Geringverdiener und ALG-II-Bezieher) kann die Nachhilfe \u00fcber das Paket<span style=\"text-decoration: underline; color: #ff0000;\">&nbsp;<a style=\"color: #ff0000; text-decoration: underline;\" href=\"https:\/\/www.bmas.de\/DE\/Themen\/Arbeitsmarkt\/Grundsicherung\/Leistungen-zur-Sicherung-des-Lebensunterhalts\/Bildungspaket\/leistungen-bildungspaket.html\" target=\"_blank\" rel=\"noopener\" data-cke-saved-href=\"https:\/\/www.bmas.de\/DE\/Themen\/Arbeitsmarkt\/Grundsicherung\/Leistungen-zur-Sicherung-des-Lebensunterhalts\/Bildungspaket\/leistungen-bildungspaket.html\">Bildung und Teilhabe (BuT)<\/a>&nbsp;<\/span>finanziert werden, damit ein geringerer Verdienst nicht zu Benachteiligungen f\u00fchren muss!<\/strong><\/span><\/h3>\n<h3><span style=\"color: #003366;\"><strong>Wenn Sie hierzu Fragen haben, rufen Sie mich gerne an.<\/strong><\/span><\/h3>\t\t\t\t\t\t\t\t<\/div>\n\t\t\t\t<\/div>\n\t\t\t\t\t<\/div>\n\t\t<\/div>\n\t\t\t\t\t<\/div>\n\t\t<\/section>\n\t\t\t\t<\/div>\n\t\t","protected":false},"excerpt":{"rendered":"<p>Nachhilfe &#8230;und manchmal wird man einfach abgeh\u00e4ngt Es gibt viele Gr\u00fcnde f\u00fcr schlechtere Noten: das Tempo, in dem der Unterrichtsstoff erkl\u00e4rt wird, ist einem einfach zu schnell einige Sch\u00fclerInnen verstehen ihren Lehrer\/ihre Lehrerin nicht Mobbing famili\u00e4re Probleme l\u00e4ngere Krankheit oder h\u00e4ufiges Fehlen wegen Krankheit Konzentrationsprobleme \u00dcber- oder Unterforderung fehlende Motivation AD(H)S, ASS,&#8230; Lese-Rechtschreibschw\u00e4che Rechenschw\u00e4che usw. [&hellip;]<\/p>\n","protected":false},"author":1,"featured_media":0,"parent":0,"menu_order":0,"comment_status":"closed","ping_status":"closed","template":"","meta":{"footnotes":""},"class_list":["post-496","page","type-page","status-publish","hentry","entry"],"_links":{"self":[{"href":"https:\/\/elternberatung-vlotho.de\/index.php?rest_route=\/wp\/v2\/pages\/496","targetHints":{"allow":["GET"]}}],"collection":[{"href":"https:\/\/elternberatung-vlotho.de\/index.php?rest_route=\/wp\/v2\/pages"}],"about":[{"href":"https:\/\/elternberatung-vlotho.de\/index.php?rest_route=\/wp\/v2\/types\/page"}],"author":[{"embeddable":true,"href":"https:\/\/elternberatung-vlotho.de\/index.php?rest_route=\/wp\/v2\/users\/1"}],"replies":[{"embeddable":true,"href":"https:\/\/elternberatung-vlotho.de\/index.php?rest_route=%2Fwp%2Fv2%2Fcomments&post=496"}],"version-history":[{"count":25,"href":"https:\/\/elternberatung-vlotho.de\/index.php?rest_route=\/wp\/v2\/pages\/496\/revisions"}],"predecessor-version":[{"id":1873,"href":"https:\/\/elternberatung-vlotho.de\/index.php?rest_route=\/wp\/v2\/pages\/496\/revisions\/1873"}],"wp:attachment":[{"href":"https:\/\/elternberatung-vlotho.de\/index.php?rest_route=%2Fwp%2Fv2%2Fmedia&parent=496"}],"curies":[{"name":"wp","href":"https:\/\/api.w.org\/{rel}","templated":true}]}}