{"id":915,"date":"2023-02-10T16:03:56","date_gmt":"2023-02-10T16:03:56","guid":{"rendered":"https:\/\/elternberatung-vlotho.de\/?page_id=915"},"modified":"2023-02-24T19:02:05","modified_gmt":"2023-02-24T19:02:05","slug":"positive-eigenschaften","status":"publish","type":"page","link":"https:\/\/elternberatung-vlotho.de\/?page_id=915","title":{"rendered":"Positive Eigenschaften"},"content":{"rendered":"\t\t<div data-elementor-type=\"wp-page\" data-elementor-id=\"915\" class=\"elementor elementor-915\" data-elementor-post-type=\"page\">\n\t\t\t\t\t\t<section class=\"elementor-section elementor-top-section elementor-element elementor-element-0b10f92 elementor-section-boxed elementor-section-height-default elementor-section-height-default\" data-id=\"0b10f92\" data-element_type=\"section\" data-e-type=\"section\">\n\t\t\t\t\t\t<div class=\"elementor-container elementor-column-gap-default\">\n\t\t\t\t\t<div class=\"elementor-column elementor-col-100 elementor-top-column elementor-element elementor-element-6bad7da\" data-id=\"6bad7da\" data-element_type=\"column\" data-e-type=\"column\">\n\t\t\t<div class=\"elementor-widget-wrap elementor-element-populated\">\n\t\t\t\t\t\t<div class=\"elementor-element elementor-element-8a0f207 elementor-widget elementor-widget-spacer\" data-id=\"8a0f207\" data-element_type=\"widget\" data-e-type=\"widget\" data-widget_type=\"spacer.default\">\n\t\t\t\t<div class=\"elementor-widget-container\">\n\t\t\t\t\t\t\t<div class=\"elementor-spacer\">\n\t\t\t<div class=\"elementor-spacer-inner\"><\/div>\n\t\t<\/div>\n\t\t\t\t\t\t<\/div>\n\t\t\t\t<\/div>\n\t\t\t\t\t<\/div>\n\t\t<\/div>\n\t\t\t\t\t<\/div>\n\t\t<\/section>\n\t\t\t\t<section class=\"elementor-section elementor-top-section elementor-element elementor-element-a7f27a6 elementor-section-boxed elementor-section-height-default elementor-section-height-default\" data-id=\"a7f27a6\" data-element_type=\"section\" data-e-type=\"section\">\n\t\t\t\t\t\t<div class=\"elementor-container elementor-column-gap-default\">\n\t\t\t\t\t<div class=\"elementor-column elementor-col-100 elementor-top-column elementor-element elementor-element-6fddcfc\" data-id=\"6fddcfc\" data-element_type=\"column\" data-e-type=\"column\">\n\t\t\t<div class=\"elementor-widget-wrap elementor-element-populated\">\n\t\t\t\t\t\t<div class=\"elementor-element elementor-element-9ebb4a6 elementor-headline--style-highlight elementor-widget elementor-widget-animated-headline\" data-id=\"9ebb4a6\" data-element_type=\"widget\" data-e-type=\"widget\" data-settings=\"{&quot;marker&quot;:&quot;curly&quot;,&quot;highlighted_text&quot;:&quot;Positive Eigenschaften und St\\u00e4rken bei AD(H)S&quot;,&quot;headline_style&quot;:&quot;highlight&quot;,&quot;loop&quot;:&quot;yes&quot;,&quot;highlight_animation_duration&quot;:1200,&quot;highlight_iteration_delay&quot;:8000}\" data-widget_type=\"animated-headline.default\">\n\t\t\t\t<div class=\"elementor-widget-container\">\n\t\t\t\t\t\t\t<h3 class=\"elementor-headline\">\n\t\t\t\t<span class=\"elementor-headline-dynamic-wrapper elementor-headline-text-wrapper\">\n\t\t\t\t\t<span class=\"elementor-headline-dynamic-text elementor-headline-text-active\">Positive Eigenschaften und St\u00e4rken bei AD(H)S<\/span>\n\t\t\t\t<\/span>\n\t\t\t\t<\/h3>\n\t\t\t\t\t\t<\/div>\n\t\t\t\t<\/div>\n\t\t\t\t\t<\/div>\n\t\t<\/div>\n\t\t\t\t\t<\/div>\n\t\t<\/section>\n\t\t\t\t<section class=\"elementor-section elementor-top-section elementor-element elementor-element-d979099 elementor-section-boxed elementor-section-height-default elementor-section-height-default\" data-id=\"d979099\" data-element_type=\"section\" data-e-type=\"section\">\n\t\t\t\t\t\t<div class=\"elementor-container elementor-column-gap-default\">\n\t\t\t\t\t<div class=\"elementor-column elementor-col-100 elementor-top-column elementor-element elementor-element-6aeeb7b\" data-id=\"6aeeb7b\" data-element_type=\"column\" data-e-type=\"column\">\n\t\t\t<div class=\"elementor-widget-wrap elementor-element-populated\">\n\t\t\t\t\t\t<div class=\"elementor-element elementor-element-8c8154c elementor-widget elementor-widget-text-editor\" data-id=\"8c8154c\" data-element_type=\"widget\" data-e-type=\"widget\" data-widget_type=\"text-editor.default\">\n\t\t\t\t<div class=\"elementor-widget-container\">\n\t\t\t\t\t\t\t\t\t<ul><li><p align=\"left\"><span style=\"font-family: Roboto, sans-serif; color: #003366;\"><span style=\"font-size: large;\">assoziationsstark<\/span><\/span><\/p><\/li><li><p align=\"left\"><span style=\"font-family: Roboto, sans-serif; color: #003366;\"><span style=\"font-size: large;\">kreativ<\/span><\/span><\/p><\/li><li><p align=\"left\"><span style=\"font-family: Roboto, sans-serif; color: #003366;\"><span style=\"font-size: large;\">reaktionsstark<\/span><\/span><\/p><\/li><li><p align=\"left\"><span style=\"font-family: Roboto, sans-serif; color: #003366;\"><span style=\"font-size: large;\">spontan<\/span><\/span><\/p><\/li><li><p align=\"left\"><span style=\"font-family: Roboto, sans-serif; color: #003366;\"><span style=\"font-size: large;\">hilfsbereit<\/span><\/span><\/p><\/li><li><p align=\"left\"><span style=\"font-family: Roboto, sans-serif; color: #003366;\"><span style=\"font-size: large;\">setzen sich f\u00fcr Schw\u00e4chere ein<\/span><\/span><\/p><\/li><li><p align=\"left\"><span style=\"font-family: Roboto, sans-serif; color: #003366;\"><span style=\"font-size: large;\">ausgepr\u00e4gter Gerechtigkeitssinn<\/span><\/span><\/p><\/li><li><p align=\"left\"><span style=\"font-family: Roboto, sans-serif; color: #003366;\"><span style=\"font-size: large;\">feinf\u00fchlig<\/span><\/span><\/p><\/li><li><p align=\"left\"><span style=\"font-family: Roboto, sans-serif; color: #003366;\"><span style=\"font-size: large;\">zielorientiert<\/span><\/span><\/p><\/li><li><p align=\"left\"><span style=\"font-family: Roboto, sans-serif; color: #003366;\"><span style=\"font-size: large;\">warmherzig<\/span><\/span><\/p><\/li><li><p align=\"left\"><span style=\"font-family: Roboto, sans-serif; color: #003366;\"><span style=\"font-size: large;\">offen<\/span><\/span><\/p><\/li><li><p align=\"left\"><span style=\"font-family: Roboto, sans-serif; color: #003366;\"><span style=\"font-size: large;\">flexibel<\/span><\/span><\/p><\/li><li><p align=\"left\"><span style=\"font-family: Roboto, sans-serif; color: #003366;\"><span style=\"font-size: large;\">emotional<\/span><\/span><\/p><\/li><li><p align=\"left\"><span style=\"font-family: Roboto, sans-serif; color: #003366;\"><span style=\"font-size: large;\">gef\u00fchlsstark<\/span><\/span><\/p><\/li><li><p align=\"left\"><span style=\"font-family: Roboto, sans-serif; color: #003366;\"><span style=\"font-size: large;\">sucht Kontrolle und Struktur<\/span><\/span><\/p><\/li><li><p align=\"left\"><span style=\"font-family: Roboto, sans-serif; color: #003366;\"><span style=\"font-size: large;\">ideenreich<\/span><\/span><\/p><\/li><li><p align=\"left\"><span style=\"font-family: Roboto, sans-serif; color: #003366;\"><span style=\"font-size: large;\">gro\u00dfe Tr\u00e4ume<\/span><\/span><\/p><\/li><li><p align=\"left\"><span style=\"font-family: Roboto, sans-serif; color: #003366;\"><span style=\"font-size: large;\">risikobereit<\/span><\/span><\/p><\/li><li><p align=\"left\"><span style=\"font-family: Roboto, sans-serif; color: #003366;\"><span style=\"font-size: large;\">gesellig<\/span><\/span><\/p><\/li><li><p align=\"left\"><span style=\"font-family: Roboto, sans-serif; color: #003366;\"><span style=\"font-size: large;\">beziehungsorientiert<\/span><\/span><\/p><\/li><li><p align=\"left\"><span style=\"font-family: Roboto, sans-serif; color: #003366;\"><span style=\"font-size: large;\">humorvoll<\/span><\/span><\/p><\/li><li><p align=\"left\"><span style=\"font-family: Roboto, sans-serif; color: #003366;\"><span style=\"font-size: large;\">energiegeladen<\/span><\/span><\/p><\/li><li><p align=\"left\"><span style=\"font-family: Roboto, sans-serif; color: #003366;\"><span style=\"font-size: large;\">aktiv<\/span><\/span><\/p><\/li><li><p align=\"left\"><span style=\"font-family: Roboto, sans-serif; color: #003366;\"><span style=\"font-size: large;\">ehrlich und sagen, was sie denken<\/span><\/span><\/p><\/li><li><p align=\"left\"><span style=\"font-family: Roboto, sans-serif; color: #003366;\"><span style=\"font-size: large;\">musikalisch<\/span><\/span><\/p><\/li><li><p align=\"left\"><span style=\"font-family: Roboto, sans-serif; color: #003366;\"><span style=\"font-size: large;\">Multitasking<\/span><\/span><\/p><\/li><li><p align=\"left\"><span style=\"font-family: Roboto, sans-serif; color: #003366;\"><span style=\"font-size: large;\">kann in Notsituationen schnell und besonnen reagieren<\/span><\/span><\/p><\/li><li><p align=\"left\"><span style=\"font-family: Roboto, sans-serif; color: #003366;\"><span style=\"font-size: large;\">finden immer neue Wege<\/span><\/span><\/p><\/li><li><p align=\"left\"><span style=\"font-family: Roboto, sans-serif; color: #003366;\"><span style=\"font-size: large;\">kreative L\u00f6sungen f\u00fcr Probleme<\/span><\/span><\/p><\/li><\/ul><p align=\"left\"><span style=\"color: #003366;\">\u00a0<\/span><\/p>\t\t\t\t\t\t\t\t<\/div>\n\t\t\t\t<\/div>\n\t\t\t\t\t<\/div>\n\t\t<\/div>\n\t\t\t\t\t<\/div>\n\t\t<\/section>\n\t\t\t\t<\/div>\n\t\t","protected":false},"excerpt":{"rendered":"<p>Positive Eigenschaften und St\u00e4rken bei AD(H)S assoziationsstark kreativ reaktionsstark spontan hilfsbereit setzen sich f\u00fcr Schw\u00e4chere ein ausgepr\u00e4gter Gerechtigkeitssinn feinf\u00fchlig zielorientiert warmherzig offen flexibel emotional gef\u00fchlsstark sucht Kontrolle und Struktur ideenreich gro\u00dfe Tr\u00e4ume risikobereit gesellig beziehungsorientiert humorvoll energiegeladen aktiv ehrlich und sagen, was sie denken musikalisch Multitasking kann in Notsituationen schnell und besonnen reagieren finden immer [&hellip;]<\/p>\n","protected":false},"author":1,"featured_media":0,"parent":0,"menu_order":0,"comment_status":"closed","ping_status":"closed","template":"","meta":{"footnotes":""},"class_list":["post-915","page","type-page","status-publish","hentry","entry"],"_links":{"self":[{"href":"https:\/\/elternberatung-vlotho.de\/index.php?rest_route=\/wp\/v2\/pages\/915","targetHints":{"allow":["GET"]}}],"collection":[{"href":"https:\/\/elternberatung-vlotho.de\/index.php?rest_route=\/wp\/v2\/pages"}],"about":[{"href":"https:\/\/elternberatung-vlotho.de\/index.php?rest_route=\/wp\/v2\/types\/page"}],"author":[{"embeddable":true,"href":"https:\/\/elternberatung-vlotho.de\/index.php?rest_route=\/wp\/v2\/users\/1"}],"replies":[{"embeddable":true,"href":"https:\/\/elternberatung-vlotho.de\/index.php?rest_route=%2Fwp%2Fv2%2Fcomments&post=915"}],"version-history":[{"count":31,"href":"https:\/\/elternberatung-vlotho.de\/index.php?rest_route=\/wp\/v2\/pages\/915\/revisions"}],"predecessor-version":[{"id":1523,"href":"https:\/\/elternberatung-vlotho.de\/index.php?rest_route=\/wp\/v2\/pages\/915\/revisions\/1523"}],"wp:attachment":[{"href":"https:\/\/elternberatung-vlotho.de\/index.php?rest_route=%2Fwp%2Fv2%2Fmedia&parent=915"}],"curies":[{"name":"wp","href":"https:\/\/api.w.org\/{rel}","templated":true}]}}